visor of 65 and 104.
13
What is the greatest common divisor of 49 and 1?
1
Calculate the greatest common divisor of 1696 and 53.
53
Calculate the highest common factor of 6901 and 268.
67
What is the greatest common factor of 45 and 2655?
45
What is the greatest common divisor of 323 and 85?
17
Calculate the highest common divisor of 5 and 34525.
5
What is the greatest common factor of 234 and 1326?
78
Calculate the greatest common factor of 8 and 8124.
4
What is the greatest common factor of 60 and 3180?
60
Calculate the greatest common divisor of 116 and 2900.
116
What is the highest common divisor of 512 and 8960?
256
What is the highest common divisor of 5379 and 627?
33
Calculate the highest common factor of 28 and 350.
14
What is the greatest common divisor of 30 and 60?
30
What is the highest common factor of 62 and 8494?
62
What is the highest common divisor of 481 and 13?
13
What is the greatest common factor of 2 and 57?
1
What is the highest common divisor of 594 and 4698?
54
What is the greatest common factor of 30 and 1374?
6
What is the highest common factor of 11 and 31229?
11
Calculate the greatest common factor of 672 and 264.
24
What is the greatest common factor of 30 and 7260?
30
Calculate the greatest common factor of 48 and 1500.
12
Calculate the greatest common divisor of 384 and 3200.
128
What is the greatest common factor of 30 and 960?
30
Calculate the greatest common factor of 65 and 13.
13
What is the highest common factor of 2892 and 4579?
241
Calculate the highest common factor of 24 and 48.
24
What is the highest common factor of 180 and 220?
20
What is the greatest common divisor of 294 and 24?
6
Calculate the highest common divisor of 1001 and 2431.
143
What is the highest common divisor of 10 and 13460?
10
What is the highest common factor of 1428 and 882?
42
Calculate the greatest common factor of 3283 and 49.
49
What is the highest common factor of 819 and 364?
91
Calculate the highest common factor of 65 and 403.
13
Calculate the greatest common factor of 80 and 170.
10
What is the greatest common divisor of 529 and 115?
23
Calculate the greatest common divisor of 552 and 23.
23
What is the greatest common divisor of 162 and 270?
54
Calculate the highest common factor of 972 and 2700.
108
What is the highest common divisor of 65446 and 86?
86
Calculate the greatest common factor of 135 and 30.
15
What is the highest common factor of 424 and 106?
106
Calculate the greatest common divisor of 240 and 4152.
24
Calculate the highest common divisor of 189 and 27.
27
Calculate the highest common factor of 165 and 55.
55
What is the highest common divisor of 44 and 3696?
44
What is the greatest common factor of 3492 and 252?
36
Calculate the greatest common divisor of 5162 and 58.
58
What is the greatest common divisor of 9 and 19233?
9
Calculate the greatest common divisor of 30 and 105.
15
What is the highest common factor of 7093 and 82?
41
Calculate the highest common divisor of 54 and 1866.
6
What is the highest common factor of 17460 and 540?
180
Calculate the highest common factor of 432 and 6534.
54
What is the highest common divisor of 64 and 608?
32
What is the highest common factor of 87 and 377?
29
What is the greatest common factor of 39 and 1339?
13
What is the greatest common divisor of 20718 and 18?
18
Calculate the highest common factor of 616 and 1064.
56
What is the greatest common factor of 30 and 1446?
6
Calculate the highest common divisor of 20937 and 147.
21
What is the greatest common divisor of 3580 and 760?
20
Calculate the highest common factor of 1806 and 126.
42
Calculate the highest common divisor of 15 and 80.
5
Calculate the greatest common factor of 13 and 1885.
13
What is the highest common factor of 102 and 10761?
51
Calculate the greatest common divisor of 3321 and 405.
81
What is the greatest common factor of 100 and 60?
20
Calculate the highest common factor of 31311 and 294.
147
Calculate the highest common factor of 96 and 6.
6
Calculate the greatest common factor of 27505 and 10.
5
What is the greatest common factor of 314 and 13031?
157
Calculate the highest common factor of 708 and 48.
12
What is the highest common divisor of 188 and 8?
4
Calculate the highest common factor of 133 and 28.
7
What is the greatest common divisor of 234 and 36?
18
What is the highest common factor of 95 and 1?
1
What is the greatest common factor of 50 and 6225?
25
Calculate the greatest common divisor of 5 and 1255.
5
Calculate the highest common divisor of 154 and 11.
11
Calculate the greatest common divisor of 55 and 4565.
55
What is the highest common factor of 4041 and 72?
9
What is the greatest common divisor of 92 and 1472?
92
Calculate the highest common divisor of 3 and 201.
3
What is the highest common factor of 780 and 60?
60
What is the highest common divisor of 96 and 336?
48
Calculate the highest common factor of 1554 and 56.
14
Calculate the greatest common factor of 3116 and 76.
76
Calculate the highest common divisor of 4 and 2956.
4
Calculate the highest common divisor of 30 and 1005.
15
What is the greatest common factor of 90 and 54?
18
Calculate the highest common divisor of 6465 and 3.
3
Calculate the highest common divisor of 488 and 16.
8
Calculate the greatest common factor of 238 and 42.
14
Calculate the greatest common factor of 15133 and 37.
37
What is the highest common divisor of 10598 and 14?
14
Calculate the greatest common divisor of 11771 and 149.
149
What is the highest common divisor of 24 and 48?
24
What is the greatest common factor of 1653 and 228?
57
Calculate the highest common divisor of 152 and 532.
76
What is the highest common divisor of 490 and 85?
5
What is the greatest common factor of 137 and 100695?
137
What is the highest common factor of 8 and 18?
2
What is the greatest common divisor of 186 and 31?
31
Calculate the greatest common factor of 4473 and 63.
63
What is the greatest common factor of 27 and 1179?
9
What is the greatest common factor of 273 and 63?
21
Calculate the highest common divisor of 114 and 95.
19
What is the greatest common factor of 88 and 616?
88
What is the greatest common factor of 1001 and 154?
77
Calculate the highest common factor of 36 and 60.
12
What is the greatest common factor of 682 and 3069?
341
What is the greatest common factor of 92 and 69?
23
Calculate the highest common divisor of 125 and 25.
25
What is the highest common divisor of 45 and 90?
45
What is the greatest common factor of 36 and 4?
4
What is the highest common factor of 84 and 5572?
28
What is the highest common divisor of 203 and 7?
7
Calculate the highest common divisor of 88 and 957.
11
Calculate the greatest common divisor of 136 and 4352.
136
Calculate the highest common factor of 28 and 658.
14
Calculate the greatest common factor of 3551 and 67.
67
Calculate the greatest common factor of 10295 and 145.
145
What is the greatest common factor of 1333 and 172?
43
Calculate the greatest common divisor of 35 and 10.
5
What is the greatest common divisor of 25 and 70?
5
What is the highest common factor of 1029 and 3773?
343
Calculate the highest common factor of 6 and 102.
6
What is the highest common divisor of 2970 and 1584?
198
Calculate the highest common divisor of 20 and 90.
10
Calculate the highest common factor of 32 and 912.
16
What is the greatest common divisor of 378 and 20223?
189
Calculate the greatest common factor of 572 and 88.
44
Calculate the greatest common factor of 1215 and 435.
15
What is the greatest common divisor of 4 and 36?
4
What is the greatest common divisor of 12 and 68?
4
Calculate the highest common divisor of 60 and 9276.
12
Calculate the greatest common factor of 30 and 25.
5
What is the greatest common divisor of 112 and 64?
16
What is the highest common divisor of 1644 and 30?
6
What is the highest common factor of 36280 and 40?
40
What is the highest common factor of 12 and 26?
2
What is the greatest common factor of 408 and 714?
102
Calculate the greatest common factor of 35 and 3.
1
What is the highest common factor of 252 and 28?
28
Calculate the highest common factor of 21 and 2688.
21
Calculate the highest common divisor of 107 and 5029.
107
Calculate the highest common divisor of 63 and 189.